8 = 0. List the prime factors of c.
3
Suppose 0*r + 16 = 2*r. Let o = r - 2. Suppose -v = 3 - o. List the prime factors of v.
3
Suppose -3*n = -0*n + d - 51, -55 = -4*n + 3*d. Let r = n + -11. Suppose r*x + 2*v + 3*v - 25 = 0, -12 = 4*v. List the prime factors of x.
2
Let w(n) be the third derivative of n**5/60 + n**4/12 - n**3/6 - n**2. List the prime factors of w(3).
2, 7
What are the prime factors of 4*(-1 + 126/8)?
59
Let o(f) = -5*f + 6. Let w be o(4). Let q = 23 + w. List the prime factors of q.
3
Let l be -7*(-2)/(1 + -3). Let g = l - -18. Suppose -3 = a - g. What are the prime factors of a?
2
Suppose -25*p = -29*p + 488. Let r = p - 87. What are the prime factors of r?
5, 7
Suppose 3*j + 2*s + 0 = 5, -12 = -2*j + 3*s. Let p be 2 + (2 - 5)/j. What are the prime factors of (1 - 1 - -9) + p?
2, 5
Suppose 2*h = 4*h. Suppose h = -3*d + 5*w + 38 - 7, -3*d = -3*w - 21. Suppose d*p - 3*p + j + 7 = 0, 0 = -4*p - 3*j - 7. List the prime factors of p.
2
Suppose -6*r + 124 = -2*r. What are the prime factors of r?
31
What are the prime factors of (-2)/(-12) + (-1172)/(-24)?
7
Let d(w) = -7*w**2 - 2*w. Let o be d(-2). What are the prime factors of 169/6 + 4/o?
2, 7
Let d(p) = -2*p - 4. Let a be d(-5). Suppose a*o - o = 35. List the prime factors of o.
7
Let p(m) = 5*m + 42. What are the prime factors of p(-8)?
2
Let r(s) = s**3 + s - 10. Suppose -5*b = -0*b. Let m be r(b). Let n = m + 20. What are the prime factors of n?
2, 5
Let u be ((-3)/4)/(5/140). Let m = -9 - u. What are the prime factors of m?
2, 3
What are the prime factors of (41/(-5) - 2)/((-10)/150)?
3, 17
Suppose 3 + 2 = -c. Let l be 1/(-2 - c/2). Suppose 3*p = l*j + 22, -4 = -0*j + 2*j. What are the prime factors of p?
2, 3
Suppose -2*o = 5*n + o, 0 = -2*n + 3*o. Let c(r) = r**3 - r**2 + r + 13. List the prime factors of c(n).
13
Let d(f) = f**3 + f**2 - f + 2. Let b be d(-2). Suppose 50 = 5*k - 5*u, 2*k + 5*u - 20 = -b*u. Let n = 16 - k. What are the prime factors of n?
2, 3
Let q(g) = g**3 - 4*g**2 + 3*g - 3. Let t be q(3). Let v be (-2)/((9/6)/t). Suppose -v = -3*n + n. What are the prime factors of n?
2
Let r = 243 - 137. What are the prime factors of r?
2, 53
Suppose 0 = 4*j - 2*f + 14, -19 - 4 = 3*j - 4*f. List the prime factors of (2/3)/(j/(-81)).
2, 3
Let w = -1 + 6. Suppose -4*q + 3 + w = 0. List the prime factors of q.
2
Let s be 6/(-3) + 1 + 4. Let d(j) = -j - 2. Let i(x) = x + 3. Let m(k) = s*d(k) + 2*i(k). What are the prime factors of m(-3)?
3
Let i(f) = -f**3 + 2*f**2 + 1. Let z be i(2). Suppose 2*j - 7 = z. Suppose 3*o - 47 = 3*h - 2*h, o + 6 = -j*h. List the prime factors of o.
2, 7
Let g(b) = 3*b**2 - 2*b + 1. Let c be g(1). Suppose 0 = -2*s + m + 15, c = -5*m + 3*m. List the prime factors of s.
7
Suppose 3*r - 379 = -46. What are the prime factors of r?
3, 37
Let u be 2/8 - 1/4. Let i = 87 - 43. Suppose -5*k + 0*z + 4*z + i = u, 2*z - 22 = -3*k. List the prime factors of k.
2
Suppose -160 = 27*t - 29*t. List the prime factors of t.
2, 5
Let v be (1 + 34)*(-3 + 4). Suppose -o - 3*o + 23 = z, -o - 18 = -z. Suppose -r = -5*g + v, -z = g + 3*r + 2*r. List the prime factors of g.
2, 3
Suppose -3*p - 30 = -3*z, -2*p = -0*p + 10. What are the prime factors of z/(-2 + 10/4)?
2, 5
Let k(i) = -25*i**3 + 2*i. List the prime factors of k(-2).
2, 7
Let x(i) = -2*i**2 + 47*i + 19. What are the prime factors of x(15)?
2, 137
Suppose 22 = t + 3*j + 9, -t = -4*j + 1. List the prime factors of t.
7
Let b(n) = n**3 - 2*n**2 + 4*n - 3. Let v be 4/(-6) - 4/3. Let j = 4 + v. List the prime factors of b(j).
5
Suppose 0*n = 4*n. Suppose 5*b - 15 = -n*b. Suppose -5*k = 3*m - 37, -b*m - 1 = -2*k - 3. What are the prime factors of m?
2
Let v(o) = o**2 - 4*o - 7. Let m be v(6). Suppose 0 = -m*z - 28 + 73. What are the prime factors of z?
3
Let n(y) = -y**3 + 2*y - 3. Let j be n(-3). List the prime factors of (-4)/(-10) + j/5.
2
Let s = -5 - -7. List the prime factors of -2 + s + -1 + 5.
2
Let a(v) = v**3 - 2*v**2 - 3*v - 6. What are the prime factors of a(5)?
2, 3
Let l(i) be the third derivative of i**4/24 - i**3/2 + 2*i**2. What are the prime factors of l(6)?
3
Suppose 81 = 2*o - o. What are the prime factors of o?
3
Suppose -y = 2*j - 4*y - 13, 4*j = -y + 5. Let h be -3 - (j + -2 + 1). List the prime factors of (h/(-6))/((-2)/(-39)).
13
List the prime factors of (-1932)/(-22) + (-4)/(-22).
2, 11
What are the prime factors of 20 + (12/4 - 4)?
19
Let w = 142 + -204. What are the prime factors of w/(-8) - 1/(-4)?
2
What are the prime factors of (270/35)/(2/14)?
2, 3
Suppose o - 10 = -0. Suppose 65 = 5*r + o. What are the prime factors of r?
11
Suppose -2*a - 7 = -5*b, 3*a - b - 4*b + 3 = 0. Let q(p) = -p**2 + 16*p + 4. Let f be q(16). Let d = f + a. List the prime factors of d.
2
Let b = -140 - -72. Let f be 2/6 + b/(-12). Let m = 12 - f. What are the prime factors of m?
2, 3
Let o = -1 + 13. Let n be (-3 - -3) + (0 - 0). Let v = o - n. List the prime factors of v.
2, 3
Suppose 0 = 2*l - 3 - 1. Let a be (-57)/l - 12/(-8). Let o = 40 + a. List the prime factors of o.
13
What are the prime factors of 4/(-5 - 3) - 818/(-4)?
2, 3, 17
Let d(b) = -b**3 + 4*b. Let f be d(-5). Suppose 2*r - f = -33. What are the prime factors of r?
2, 3
List the prime factors of 61 - -1*(-3)/(-3).
2, 31
Let u = -48 + 161. Suppose -5*t + 66 = -3*t + 4*r, -5*t = -3*r - u. What are the prime factors of t?
5
Let y(w) = -25*w + 18. What are the prime factors of y(-4)?
2, 59
Suppose -5*q = -3*s - 35 - 146, 3*s = 9. What are the prime factors of q?
2, 19
Let m(c) be the third derivative of -c**5/60 - c**4/6 + 2*c**3/3 + c**2. Let n be 3 - 2 - (6 - 1). List the prime factors of m(n).
2
Suppose -d = 4*g - 19 - 0, -4*g - 25 = -3*d. List the prime factors of d.
11
Let j = 173 + -118. List the prime factors of j.
5, 11
Let b(j) = j**3 + 27*j**2 + 44*j - 11. List the prime factors of b(-25).
139
Suppose b + 28 = 5*b. Suppose -13 = -n - 8. Let p = n + b. List the prime factors of p.
2, 3
Let y = 3 + 21. List the prime factors of y.
2, 3
Let v = 9 - 5. Suppose 0*l + v*z - 12 = l, 2*z = 8. List the prime factors of l.
2
Suppose 17 + 14 = m. Suppose -4*w + 109 = -m. What are the prime factors of w?
5, 7
List the prime factors of (-2)/(3 - (-494)/(-164)).
2, 41
Suppose 88 = 5*o + 5*u - 82, o = 4*u + 34. What are the prime factors of o?
2, 17
What are the prime factors of 2/9 + (-842)/(-18)?
47
Suppose 4*a + 20 = -68. List the prime factors of -4*(-4)/(-8)*a.
2, 11
Let n = 8 + -20. Let l = n + 22. What are the prime factors of l?
2, 5
Let q(z) = 3*z - 3. Let b(d) = -2*d**2 - 4*d + 6 + 3*d**2 + 3*d + 0*d. Let x be b(0). What are the prime factors of q(x)?
3, 5
Let q(h) be the third derivative of -h**6/120 + h**5/20 + 3*h**4/8 + 7*h**3/6 + 3*h**2. List the prime factors of q(5).
2
Suppose 7 = q + 4*m, 7*m = -2*q + 3*m + 6. Let v = q + 4. What are the prime factors of v?
3
Suppose -z = -4*z - 3. List the prime factors of z - (-2 - 15 - 1).
17
Let t be 202/18 - 2/9. Let j(g) = g**2 - 8*g - 13. What are the prime factors of j(t)?
2, 5
Suppose -3*l + r - 96 = -439, -5*l - 3*r + 581 = 0. List the prime factors of l.
5, 23
Let v(r) = -r. Let k = 1 + 0. Let b(f) = -12*f. Let c(o) = k*b(o) - 8*v(o). List the prime factors of c(-2).
2
Let d(s) = -s + 7. Suppose -3*g = -5*n + 84, 0 = 3*n - 6*g + g - 60. Suppose -n = 2*l + 9. List the prime factors of d(l).
19
Let k(n) = -n**3 + 8*n**2 - 2*n - 11. List the prime factors of k(7).
2, 3
Suppose -r - 4*a + 143 = 0, -4*a + 0*a = 4. What are the prime factors of r?
3, 7
Suppose 0 = 4*l - 2*l - 4. Let u(j) = -3*j - 1. Let x be u(-1). Suppose 2*h = -5*i - l, 2*h + x*h = 4*i + 24. List the prime factors of h.
2
Let f(l) = -182*l**3 - l**2 - 2*l - 1. What are the prime factors of f(-1)?
2, 7, 13
Suppose -l + 308 = -s - 3, l = 2*s + 315. What are the prime factors of l?
307
Let q be (-3)/(2 + 3/(-3)). List the prime factors of ((-6)/4)/(q/8).
2
Let k(g) = g**3 - 2*g**2 - 2*g - 1. Let n be k(2). Let v(s) = 2*s**2 + 4*s + 3. List the prime factors of v(n).
3, 11
Let c(p) = p**3 - 6*p**2 + 7*p - 6. Let l(g) = -g**2 - 4*g + 1. Let o be l(-2). Let y be c(o). Suppose 56 = y*u - 8. List the prime factors of u.
2
Let t(d) = 8*d - 7. What are the prime factors of t(8)?
3, 19
Suppose 5*f = -2*j - 14, 2*j - 5*f = 6*j 